[INFO] fetching crate swar 0.4.0...
[INFO] building swar-0.4.0 against master#ff34b919075f35a1787659e9c448a34b06bab8de for issue-85264
[INFO] extracting crate swar 0.4.0 into /workspace/builds/worker-3/source
[INFO] validating manifest of crates.io crate swar 0.4.0 on toolchain ff34b919075f35a1787659e9c448a34b06bab8de
[INFO] running `Command { std: "/workspace/cargo-home/bin/cargo" "+ff34b919075f35a1787659e9c448a34b06bab8de" "metadata" "--manifest-path" "Cargo.toml" "--no-deps", kill_on_drop: false }`
[INFO] started tweaking crates.io crate swar 0.4.0
[INFO] finished tweaking crates.io crate swar 0.4.0
[INFO] tweaked toml for crates.io crate swar 0.4.0 written to /workspace/builds/worker-3/source/Cargo.toml
[INFO] running `Command { std: "/workspace/cargo-home/bin/cargo" "+ff34b919075f35a1787659e9c448a34b06bab8de" "generate-lockfile" "--manifest-path" "Cargo.toml" "-Zno-index-update", kill_on_drop: false }`
[INFO] running `Command { std: "/workspace/cargo-home/bin/cargo" "+ff34b919075f35a1787659e9c448a34b06bab8de" "fetch" "--manifest-path" "Cargo.toml", kill_on_drop: false }`
[INFO] running `Command { std: "docker" "create" "-v" "/var/lib/crater-agent-workspace/builds/worker-3/target:/opt/rustwide/target:rw,Z" "-v" "/var/lib/crater-agent-workspace/builds/worker-3/source:/opt/rustwide/workdir:ro,Z" "-v" "/var/lib/crater-agent-workspace/cargo-home:/opt/rustwide/cargo-home:ro,Z" "-v" "/var/lib/crater-agent-workspace/rustup-home:/opt/rustwide/rustup-home:ro,Z" "-e" "SOURCE_DIR=/opt/rustwide/workdir" "-e" "CARGO_TARGET_DIR=/opt/rustwide/target" "-e" "CARGO_HOME=/opt/rustwide/cargo-home" "-e" "RUSTUP_HOME=/opt/rustwide/rustup-home" "-w" "/opt/rustwide/workdir" "-m" "1610612736" "--user" "0:0" "--network" "none" "ghcr.io/rust-lang/crates-build-env/linux@sha256:20528e8c29e4536546f0102ce88568b16ea7538393a33fcca951030f7af10457" "/opt/rustwide/cargo-home/bin/cargo" "+ff34b919075f35a1787659e9c448a34b06bab8de" "metadata" "--no-deps" "--format-version=1", kill_on_drop: false }`
[INFO] [stderr] WARNING: Your kernel does not support swap limit capabilities or the cgroup is not mounted. Memory limited without swap.
[INFO] [stdout] 26aa113ea05f3533e0512ce46027acb5b67a4904fb2b67381a5de4320ac069d1
[INFO] running `Command { std: "docker" "start" "-a" "26aa113ea05f3533e0512ce46027acb5b67a4904fb2b67381a5de4320ac069d1", kill_on_drop: false }`
[INFO] running `Command { std: "docker" "inspect" "26aa113ea05f3533e0512ce46027acb5b67a4904fb2b67381a5de4320ac069d1", kill_on_drop: false }`
[INFO] running `Command { std: "docker" "rm" "-f" "26aa113ea05f3533e0512ce46027acb5b67a4904fb2b67381a5de4320ac069d1", kill_on_drop: false }`
[INFO] [stdout] 26aa113ea05f3533e0512ce46027acb5b67a4904fb2b67381a5de4320ac069d1
[INFO] running `Command { std: "docker" "create" "-v" "/var/lib/crater-agent-workspace/builds/worker-3/target:/opt/rustwide/target:rw,Z" "-v" "/var/lib/crater-agent-workspace/builds/worker-3/source:/opt/rustwide/workdir:ro,Z" "-v" "/var/lib/crater-agent-workspace/cargo-home:/opt/rustwide/cargo-home:ro,Z" "-v" "/var/lib/crater-agent-workspace/rustup-home:/opt/rustwide/rustup-home:ro,Z" "-e" "SOURCE_DIR=/opt/rustwide/workdir" "-e" "CARGO_TARGET_DIR=/opt/rustwide/target" "-e" "CARGO_INCREMENTAL=0" "-e" "RUST_BACKTRACE=full" "-e" "RUSTFLAGS=--cap-lints=forbid" "-e" "CARGO_HOME=/opt/rustwide/cargo-home" "-e" "RUSTUP_HOME=/opt/rustwide/rustup-home" "-w" "/opt/rustwide/workdir" "-m" "1610612736" "--user" "0:0" "--network" "none" "ghcr.io/rust-lang/crates-build-env/linux@sha256:20528e8c29e4536546f0102ce88568b16ea7538393a33fcca951030f7af10457" "/opt/rustwide/cargo-home/bin/cargo" "+ff34b919075f35a1787659e9c448a34b06bab8de" "build" "--frozen" "--message-format=json", kill_on_drop: false }`
[INFO] [stdout] cadb1ec0881132d208417e292d6bafda30d9d1d0b3356d472f03a41656961ca6
[INFO] [stderr] WARNING: Your kernel does not support swap limit capabilities or the cgroup is not mounted. Memory limited without swap.
[INFO] running `Command { std: "docker" "start" "-a" "cadb1ec0881132d208417e292d6bafda30d9d1d0b3356d472f03a41656961ca6", kill_on_drop: false }`
[INFO] [stderr]    Compiling packed_simd v0.3.3
[INFO] [stdout] error[E0432]: unresolved import `crate::arch::x86_64::_mm_movemask_pi8`
[INFO] [stdout]   --> /opt/rustwide/cargo-home/registry/src/github.com-1ecc6299db9ec823/packed_simd-0.3.3/src/codegen/reductions/mask/x86/sse.rs:47:21
[INFO] [stdout]    |
[INFO] [stdout] 47 |                 use crate::arch::x86_64::_mm_movemask_pi8;
[INFO] [stdout]    |                     ^^^^^^^^^^^^^^^^^^^^^----------------
[INFO] [stdout]    |                     |                    |
[INFO] [stdout]    |                     |                    help: a similar name exists in the module: `_mm_movemask_epi8`
[INFO] [stdout]    |                     no `_mm_movemask_pi8` in `arch::x86_64`
[INFO] [stdout]    | 
[INFO] [stdout]   ::: /opt/rustwide/cargo-home/registry/src/github.com-1ecc6299db9ec823/packed_simd-0.3.3/src/codegen/reductions/mask.rs:41:1
[INFO] [stdout]    |
[INFO] [stdout] 41 | impl_mask_reductions!(m8x8);
[INFO] [stdout]    | ---------------------------- in this macro invocation
[INFO] [stdout]    |
[INFO] [stdout]    = note: this error originates in a macro (in Nightly builds, run with -Z macro-backtrace for more info)
[INFO] [stdout] 
[INFO] [stdout] 
[INFO] [stdout] error[E0432]: unresolved import `crate::arch::x86_64::_mm_movemask_pi8`
[INFO] [stdout]   --> /opt/rustwide/cargo-home/registry/src/github.com-1ecc6299db9ec823/packed_simd-0.3.3/src/codegen/reductions/mask/x86/sse.rs:62:21
[INFO] [stdout]    |
[INFO] [stdout] 62 |                 use crate::arch::x86_64::_mm_movemask_pi8;
[INFO] [stdout]    |                     ^^^^^^^^^^^^^^^^^^^^^----------------
[INFO] [stdout]    |                     |                    |
[INFO] [stdout]    |                     |                    help: a similar name exists in the module: `_mm_movemask_epi8`
[INFO] [stdout]    |                     no `_mm_movemask_pi8` in `arch::x86_64`
[INFO] [stdout]    | 
[INFO] [stdout]   ::: /opt/rustwide/cargo-home/registry/src/github.com-1ecc6299db9ec823/packed_simd-0.3.3/src/codegen/reductions/mask.rs:41:1
[INFO] [stdout]    |
[INFO] [stdout] 41 | impl_mask_reductions!(m8x8);
[INFO] [stdout]    | ---------------------------- in this macro invocation
[INFO] [stdout]    |
[INFO] [stdout]    = note: this error originates in a macro (in Nightly builds, run with -Z macro-backtrace for more info)
[INFO] [stdout] 
[INFO] [stdout] 
[INFO] [stdout] error[E0432]: unresolved import `crate::arch::x86_64::_mm_movemask_pi8`
[INFO] [stdout]   --> /opt/rustwide/cargo-home/registry/src/github.com-1ecc6299db9ec823/packed_simd-0.3.3/src/codegen/reductions/mask/x86/sse.rs:47:21
[INFO] [stdout]    |
[INFO] [stdout] 47 |                 use crate::arch::x86_64::_mm_movemask_pi8;
[INFO] [stdout]    |                     ^^^^^^^^^^^^^^^^^^^^^----------------
[INFO] [stdout]    |                     |                    |
[INFO] [stdout]    |                     |                    help: a similar name exists in the module: `_mm_movemask_epi8`
[INFO] [stdout]    |                     no `_mm_movemask_pi8` in `arch::x86_64`
[INFO] [stdout]    | 
[INFO] [stdout]   ::: /opt/rustwide/cargo-home/registry/src/github.com-1ecc6299db9ec823/packed_simd-0.3.3/src/codegen/reductions/mask.rs:47:1
[INFO] [stdout]    |
[INFO] [stdout] 47 | impl_mask_reductions!(m16x4);
[INFO] [stdout]    | ----------------------------- in this macro invocation
[INFO] [stdout]    |
[INFO] [stdout]    = note: this error originates in a macro (in Nightly builds, run with -Z macro-backtrace for more info)
[INFO] [stdout] 
[INFO] [stdout] 
[INFO] [stdout] error[E0432]: unresolved import `crate::arch::x86_64::_mm_movemask_pi8`
[INFO] [stdout]   --> /opt/rustwide/cargo-home/registry/src/github.com-1ecc6299db9ec823/packed_simd-0.3.3/src/codegen/reductions/mask/x86/sse.rs:62:21
[INFO] [stdout]    |
[INFO] [stdout] 62 |                 use crate::arch::x86_64::_mm_movemask_pi8;
[INFO] [stdout]    |                     ^^^^^^^^^^^^^^^^^^^^^----------------
[INFO] [stdout]    |                     |                    |
[INFO] [stdout]    |                     |                    help: a similar name exists in the module: `_mm_movemask_epi8`
[INFO] [stdout]    |                     no `_mm_movemask_pi8` in `arch::x86_64`
[INFO] [stdout]    | 
[INFO] [stdout]   ::: /opt/rustwide/cargo-home/registry/src/github.com-1ecc6299db9ec823/packed_simd-0.3.3/src/codegen/reductions/mask.rs:47:1
[INFO] [stdout]    |
[INFO] [stdout] 47 | impl_mask_reductions!(m16x4);
[INFO] [stdout]    | ----------------------------- in this macro invocation
[INFO] [stdout]    |
[INFO] [stdout]    = note: this error originates in a macro (in Nightly builds, run with -Z macro-backtrace for more info)
[INFO] [stdout] 
[INFO] [stdout] 
[INFO] [stdout] error[E0432]: unresolved import `crate::arch::x86_64::_mm_movemask_pi8`
[INFO] [stdout]   --> /opt/rustwide/cargo-home/registry/src/github.com-1ecc6299db9ec823/packed_simd-0.3.3/src/codegen/reductions/mask/x86/sse.rs:47:21
[INFO] [stdout]    |
[INFO] [stdout] 47 |                 use crate::arch::x86_64::_mm_movemask_pi8;
[INFO] [stdout]    |                     ^^^^^^^^^^^^^^^^^^^^^----------------
[INFO] [stdout]    |                     |                    |
[INFO] [stdout]    |                     |                    help: a similar name exists in the module: `_mm_movemask_epi8`
[INFO] [stdout]    |                     no `_mm_movemask_pi8` in `arch::x86_64`
[INFO] [stdout]    | 
[INFO] [stdout]   ::: /opt/rustwide/cargo-home/registry/src/github.com-1ecc6299db9ec823/packed_simd-0.3.3/src/codegen/reductions/mask.rs:52:1
[INFO] [stdout]    |
[INFO] [stdout] 52 | impl_mask_reductions!(m32x2);
[INFO] [stdout]    | ----------------------------- in this macro invocation
[INFO] [stdout]    |
[INFO] [stdout]    = note: this error originates in a macro (in Nightly builds, run with -Z macro-backtrace for more info)
[INFO] [stdout] 
[INFO] [stdout] 
[INFO] [stdout] error[E0432]: unresolved import `crate::arch::x86_64::_mm_movemask_pi8`
[INFO] [stdout]   --> /opt/rustwide/cargo-home/registry/src/github.com-1ecc6299db9ec823/packed_simd-0.3.3/src/codegen/reductions/mask/x86/sse.rs:62:21
[INFO] [stdout]    |
[INFO] [stdout] 62 |                 use crate::arch::x86_64::_mm_movemask_pi8;
[INFO] [stdout]    |                     ^^^^^^^^^^^^^^^^^^^^^----------------
[INFO] [stdout]    |                     |                    |
[INFO] [stdout]    |                     |                    help: a similar name exists in the module: `_mm_movemask_epi8`
[INFO] [stdout]    |                     no `_mm_movemask_pi8` in `arch::x86_64`
[INFO] [stdout]    | 
[INFO] [stdout]   ::: /opt/rustwide/cargo-home/registry/src/github.com-1ecc6299db9ec823/packed_simd-0.3.3/src/codegen/reductions/mask.rs:52:1
[INFO] [stdout]    |
[INFO] [stdout] 52 | impl_mask_reductions!(m32x2);
[INFO] [stdout]    | ----------------------------- in this macro invocation
[INFO] [stdout]    |
[INFO] [stdout]    = note: this error originates in a macro (in Nightly builds, run with -Z macro-backtrace for more info)
[INFO] [stdout] 
[INFO] [stdout] 
[INFO] [stdout] error: aborting due to 6 previous errors
[INFO] [stdout] 
[INFO] [stdout] 
[INFO] [stdout] For more information about this error, try `rustc --explain E0432`.
[INFO] [stdout] 
[INFO] [stderr] error: could not compile `packed_simd`
[INFO] [stderr] 
[INFO] [stderr] To learn more, run the command again with --verbose.
[INFO] running `Command { std: "docker" "inspect" "cadb1ec0881132d208417e292d6bafda30d9d1d0b3356d472f03a41656961ca6", kill_on_drop: false }`
[INFO] running `Command { std: "docker" "rm" "-f" "cadb1ec0881132d208417e292d6bafda30d9d1d0b3356d472f03a41656961ca6", kill_on_drop: false }`
[INFO] [stdout] cadb1ec0881132d208417e292d6bafda30d9d1d0b3356d472f03a41656961ca6
